composite number?
False
Is 68371 a composite number?
False
Is 45706 composite?
True
Is 3659 a composite number?
False
Is 10903 composite?
False
Is 355529 a prime number?
True
Is 785 composite?
True
Is 34807 a composite number?
False
Is 6257 composite?
False
Is 394093 a prime number?
False
Is 32749 composite?
False
Is 2539 composite?
False
Is 65921 a composite number?
False
Is 31579 composite?
True
Is 28493 prime?
True
Is 44999 prime?
False
Is 6557 composite?
True
Is 16409 prime?
False
Is 206947 a composite number?
True
Is 64067 a composite number?
False
Is 128229 composite?
True
Is 136501 composite?
False
Is 152377 prime?
True
Is 504929 composite?
False
Is 761 prime?
True
Is 86551 composite?
True
Is 7283 a composite number?
False
Is 3821 a composite number?
False
Is 633 a composite number?
True
Is 4234157 a prime number?
True
Is 2179 a prime number?
True
Is 801887 composite?
True
Is 250433 prime?
True
Is 979 a composite number?
True
Is 527419 a composite number?
False
Is 11731 a prime number?
True
Is 199721 prime?
True
Is 18215 a prime number?
False
Is 2123 a composite number?
True
Is 16301 a prime number?
True
Is 44839 a composite number?
False
Is 108751 composite?
False
Is 63814 a composite number?
True
Is 28493 a prime number?
True
Is 26891 a prime number?
True
Is 13957 prime?
False
Is 27611 a composite number?
False
Is 21818 composite?
True
Is 276293 prime?
True
Is 851558 a composite number?
True
Is 11657 prime?
True
Is 1147337 a prime number?
False
Is 37319 a prime number?
False
Is 849347 prime?
True
Is 39394 composite?
True
Is 28349 a prime number?
True
Is 784766 a prime number?
False
Is 11794 prime?
False
Is 21653 a prime number?
False
Is 6995 prime?
False
Is 58787 a composite number?
False
Is 299603 a composite number?
False
Is 1514551 a prime number?
True
Is 1313 prime?
False
Is 103889 composite?
False
Is 907 a prime number?
True
Is 60499 a composite number?
True
Is 26377 a prime number?
False
Is 5045 composite?
True
Is 306643 prime?
True
Is 21269 a prime number?
True
Is 333197 a composite number?
False
Is 5389 a prime number?
False
Is 90227 a prime number?
True
Is 529247 a prime number?
False
Is 11369 prime?
True
Is 97547 a prime number?
True
Is 1305467 prime?
False
Is 7753 composite?
False
Is 169177 prime?
True
Is 631 prime?
True
Is 290593 a composite number?
False
Is 1235909 a composite number?
False
Is 16637 a prime number?
False
Is 635689 prime?
True
Is 34211 a prime number?
True
Is 179071 composite?
True
Is 531961 composite?
True
Is 43517 a prime number?
True
Is 334877 a composite number?
False
Is 6637 composite?
False
Is 211313 composite?
False
Is 440329 a prime number?
True
Is 100451 composite?
True
Is 2909 prime?
True
Is 4717 prime?
False
Is 66169 a composite number?
False
Is 25249 a prime number?
False
Is 3979 a composite number?
True
Is 1087 prime?
True
Is 2901 composite?
True
Is 126601 a prime number?
True
Is 11671 composite?
True
Is 402221 a prime number?
True
Is 907 a composite number?
False
Is 2789 prime?
True
Is 20689 prime?
False
Is 44437 a composite number?
True
Is 262553 composite?
False
Is 5581 composite?
False
Is 40571 a composite number?
True
Is 22247 composite?
False
Is 216319 composite?
False
Is 13117 a prime number?
False
Is 632029 a composite number?
False
Is 9371 prime?
True
Is 53855 a composite number?
True
Is 28349 a composite number?
False
Is 3149 a prime number?
False
Is 21421 a prime number?
False
Is 1618511 prime?
False
Is 5703 composite?
True
Is 73522 composite?
True
Is 94249 a prime number?
False
Is 92581 prime?
True
Is 188449 prime?
False
Is 9326 a prime number?
False
Is 16127 a composite number?
False
Is 182303 composite?
True
Is 53813 a prime number?
True
Is 160967 a composite number?
False
Is 73663 composite?
True
Is 161113 a composite number?
True
Is 1745 composite?
True
Is 382 a composite number?
True
Is 195809 a prime number?
True
Is 696313 composite?
False
Is 17263 composite?
True
Is 209905 composite?
True
Is 1718789 a composite number?
False
Is 852793 composite?
False
Is 1123699 prime?
True
Is 31303 a composite number?
True
Is 132511 prime?
True
Is 1880635 a composite number?
True
Is 689257 a prime number?
True
Is 702743 prime?
True
Is 333241 a prime number?
False
Is 162485 a prime number?
False
Is 2101 prime?
False
Is 63113 a composite number?
False
Is 443983 a prime number?
True
Is 65293 prime?
True
Is 1039 prime?
True
Is 570565 prime?
False
Is 1292167 prime?
True
Is 72526 prime?
False
Is 491 composite?
False
Is 80159 composite?
True
Is 251 a prime number?
True
Is 13043 a prime number?
True
Is 1009 a composite number?
False
Is 416563 composite?
True
Is 1116131 composite?
True
Is 51767 prime?
True
Is 5939 a composite number?
False
Is 22013 a prime number?
True
Is 1087 a prime number?
True
Is 1471 prime?
True
Is 83471 prime?
True
Is 3761 composite?
False
Is 345157 a prime number?
False
Is 648371 a prime number?
True
Is 3313 a composite number?
False
Is 4709677 prime?
False
Is 846245 composite?
True
Is 5779 composite?
False
Is 98407 prime?
True
Is 8719 a prime number?
True
Is 1577 a composite number?
True
Is 9476585 composite?
True
Is 773349 prime?
False
Is 1987 prime?
True
Is 290137 composite?
False
Is 55889 prime?
True
Is 17773 prime?
False
Is 12281 a prime number?
True
Is 22343 a prime number?
True
Is 3071 a composite number?
True
Is 84193 composite?
True
Is 383245 a composite number?
True
Is 1109 a composite number?
False
Is 23971 prime?
True
Is 1535 composite?
True
Is 2809 prime?
False
Is 133258 a prime number?
False
Is 74677 a prime number?
False
Is 8999 composite?
False
Is 40739 prime?
True
Is 514887 a composite number?
True
Is 8923 prime?
True
Is 21763 a composite number?
True
Is 38071 prime?
False
Is 12647 a prime number?
True
Is 251323 a prime number?
True
Is 8279 a prime number?
False
Is 74941 a composite number?
False
Is 181567 a composite number?
True
Is 3349 a prime number?
False
Is 4957 a composite number?
False
Is 8999 a composite number?
False
Is 54083 prime?
True
Is 225809 a prime number?
True
Is 604309 composite?
False
Is 374921 composite?
True
Is 43801 composite?
False
Is 191873 prime?
False
Is 2979215 composite?
True
Is 1531591 a composite number?
False
Is 70159 composite?
True
Is 178253 prime?
False
Is 2291899 a prime number?
False
Is 6047 a prime number?
True
Is 37799 composite?
False
Is 155 a composite number?
True
Is 15727 composite?
False
Is 641 prime?
True
Is 2521 a composite number?
False
Is 3691 composite?
False
Is 1177 a composite number?
True
Is 1163 prime?
True
Is 8997 a composite number?
True
Is 220973 composite?
False
Is 3935 a composite number?
True
Is 12763 prime?
True
Is 23723 composite?
True
Is 1214773 prime?
False
Is 491 a prime number?
True
Is 7339 composite?
True
Is 49195 a prime number?
False
Is 15931 a prime number?
False
Is 11369 a composite number?
False
Is 160571 composite?
True
Is 30823 a composite number?
True
Is 1007 a prime number?
False
Is 3343 a composite number?
False
Is 753967 prime?
False
Is 31481 a prime number?
True
Is 6077 composite?
True
Is 82279 a prime number?
True
Is 809173 a prime number?
True
Is 1799 a prime number?
False
Is 103669 prime?
True
Is 64466 prime?
False
Is 130469 a prime number?
True
Is 1502 prime?
False
Is 6619 prime?
True
Is 35491 a composite number?
False
Is 17783 composite?
False
Is 17723 a prime number?
False
Is 586019 a composite number?
True
Is 16649 a prime number?
True
Is 15185 composite?
True
Is 1222115 a prime number?
False
Is 981373 prime?
True
Is 31907 a prime number?
True
Is 237589 composite?
True
Is 12661 composite?
True
Is 550569 a prime number?
False
Is 2582 a composite number?
True
Is 52103 a composite number?
False
Is 5006 a composite number?
True
Is 142277 a composite number?
True
Is 1218531 prime?
False
Is 131531 composite?
True
Is 243461 composite?
False
Is 41357 a composite number?
False
Is 25903 a prime number?
True
Is 179 prime?
True
Is 797 prime?
True
Is 107741 prime?
True
Is 18539 a composite number?
False
Is 103387 a prime number?
True
Is 7711 composite?
True
Is 116861 a composite number?
True
Is 354073 a composite number?
False
Is 300229 a composite number?
False
Is 26921 composite?
False
Is 25439 a composite number?
False
Is 59677 a composite number?
True
Is 66587 a composite number?